 = x. List the prime factors of x.
2, 5, 67
Let i(f) = 9*f**3 + 3*f**2 + 14*f - 11. Let x(p) = -4*p**3 - 6*p + 6. Let r(q) = -2*i(q) - 5*x(q). Let u = 6 - 2. List the prime factors of r(u).
2
Let a(m) = -8*m**2 - 15*m - 29. Let v(p) = -7*p**2 - 14*p - 29. Let i(g) = 5*a(g) - 6*v(g). What are the prime factors of i(9)?
2, 17
Let z(a) = -8*a**2 + 41*a - 2. Let f be z(5). Suppose 2*k + 3*k - 2*n = 3489, f*k - 3*n - 2088 = 0. List the prime factors of k.
3, 233
Let p = -3616 - -3608. Let g(n) = n**2 + 8*n + 6. Let b be g(-7). List the prime factors of (p - -3) + (215 - b).
211
Let w(t) = 4*t - 27. Let k be w(7). Let u be 114/24 - k/(-4). What are the prime factors of (1 - 2)*-39 + (2 - u)?
2, 3
Let n = -80482 - -126728. List the prime factors of n.
2, 19, 1217
Let b be (-4)/12*1*-66. Let m = -23 - b. List the prime factors of -1*1/5 + (-4329)/m.
2, 3
Let b = 16 - -2. Let t = 22 - b. List the prime factors of (-9 - -94)/(-2*(-2)/t).
5, 17
Suppose -5*q - 15 = 4*o - 48, -4*q - o + 22 = 0. Suppose q*x - 10*x = -3985. List the prime factors of x.
797
List the prime factors of 70666/6 + -3 + (-368)/138.
2, 3, 109
Let o be -15 + 16/4 + 0. Let n be o/(-3) - (-1)/3. Suppose -n*x = -7*x + 159. What are the prime factors of x?
53
Suppose 0 = 7*w + u - 13940 - 67563, -11664 = -w + 4*u. What are the prime factors of w?
2, 41, 71
Suppose -2171 = -6*g + 2491. Let d = -449 + g. Let f = -29 + d. What are the prime factors of f?
13, 23
Suppose -96*r - 64230 = 98*r - 200*r. List the prime factors of r.
5, 2141
Let o(v) = 19*v**2 + 8*v - 4. Let i be o(-16). Suppose 0 = -11*m + 8985 + i. What are the prime factors of m?
29, 43
Suppose 0 = -4*m + 2*o + 2458, 373 + 237 = m - 2*o. What are the prime factors of m?
2, 7, 11
Let w(m) = 15*m**3 - m**2 + 4*m - 15. Let v be (-4 - -7)*1/12*12. List the prime factors of w(v).
3, 131
Suppose -4*r + 60954 + 45656 = 3*f, 133255 = 5*r + 5*f. What are the prime factors of r?
19, 23, 61
Let q = -78 - -86. Suppose -z = -11 + q. Suppose 3*d = -z*o + 447, -5*d - 6*o + 752 = -8*o. List the prime factors of d.
2, 3, 5
Suppose 3*i + 20*b + 531 = 25*b, -5*i - b = 857. Let j = i + 886. List the prime factors of j.
2, 3, 7, 17
Let u(v) = 9*v**3 - 24*v**2 + 76*v - 79. List the prime factors of u(13).
2, 3, 17, 163
List the prime factors of ((-148520)/(-160))/((-2)/(-104)).
13, 47, 79
Suppose 2 = y, 279 - 50 = -w + 5*y. Let s = w + 366. List the prime factors of s.
3, 7
Let b = -119 + 141. Let x = 16 + b. What are the prime factors of x?
2, 19
What are the prime factors of (2 + -3326)/(-1) - 2/(8/8)?
2, 11, 151
Let c = -36766 + 45421. What are the prime factors of c?
3, 5, 577
Suppose 4*g - 20492 = -3*n, -26*n + 30*n + 25615 = 5*g. List the prime factors of g.
47, 109
Suppose -4*v = -a - 15, -2*a - 3*a - 30 = -5*v. List the prime factors of 5/((-15)/a) - (-1 + -258).
2, 5, 13
Let f = 423 - -1257. Let u = f - 899. List the prime factors of u.
11, 71
Suppose -2*i - 14 = -4*m, 4*m - 23 = i - 2*i. Suppose -i*x - t = -3372, 0 = -x + 3*t + 562 + 572. List the prime factors of x.
3, 5
Suppose -t - 103037 = -4*a, -121*t + 118*t = -4*a + 103039. List the prime factors of a.
25759
Suppose 23*q + 16 = -191. What are the prime factors of 1756/2 - q/(-3)?
5, 7
Let f be ((-42)/(-4))/(15/(-30)). Let y(q) = -q**3 - 21*q**2 - 3*q - 7. Let z be y(f). Suppose 3*b + z - 203 = 0. List the prime factors of b.
7
Suppose -6*m + 120 = -2*m. Let y = -22 + m. List the prime factors of 450/4 - 12/y.
3, 37
Let x = 376 + 59. Let b(s) = 2*s**2 - 71*s - 1287. Let o be b(-14). Suppose -o = 8*r - x. What are the prime factors of r?
2, 3, 7
Suppose 4*v - 35 = -3. Let d = -252 - v. Let r = d + 373. What are the prime factors of r?
113
Suppose 5*u = i + 75967, 1161*u - 1162*u - 4*i = -15185. List the prime factors of u.
15193
Suppose 7*d - 412220 = -5*u, 11*u - 12*u = 2. What are the prime factors of d?
2, 3, 5, 13, 151
Suppose 3076931 = 188*q + 967947. List the prime factors of q.
2, 71, 79
Let b = 189 + -198. List the prime factors of 18/(-12)*(0 + 3516/b).
2, 293
Let s = 39038 + -15546. What are the prime factors of s?
2, 7, 839
Let m = -34 - -38. Suppose -5*z + 2*c - 794 = 0, -m*z - 54 - 588 = -5*c. List the prime factors of (-6)/(-15) - z/5.
2
Let s(d) = 76*d**2 + 16*d + 303. What are the prime factors of s(-14)?
5, 599
Let o = 67 + 36. Let a = 34 + o. What are the prime factors of a?
137
Suppose -152*b + 150*b + 5*l + 12945 = 0, -2*b = 2*l - 12980. What are the prime factors of b?
5, 1297
Suppose -5*u - 4*x - 1170 = 0, 5*u + 1130 = -2*x + 6*x. Let m = u + 365. What are the prime factors of m?
3, 5
List the prime factors of -2*(-2)/8 + (-28063)/(-14) + -6.
1999
Let p be ((-2547)/(-6))/((-315)/420). Let c be 6*838/(-6)*-1. Let f = c + p. List the prime factors of f.
2, 17
Suppose -4*v + 497 = -75. Let l be (-3)/9 - v*5/(-3). Let t = l - 120. List the prime factors of t.
2, 59
Let k(o) = -1424*o**2 + o + 2. Let v be k(3). List the prime factors of v/(-23) - (-3 + 1).
13, 43
Suppose -33*p - 5025 = -36*p. Suppose 2198 = 2*l - 4*g, -g - p - 1632 = -3*l. What are the prime factors of l?
1103
Let g = 15249 - 8657. What are the prime factors of g?
2, 103
Let l = 14 + 6. Suppose h + l = 1. List the prime factors of 1*265 - (16 + h).
2, 67
Suppose 0 = 3*g + 6, -v - 4*g - 3 - 1 = 0. Suppose 1664 = v*o + 4*d, 5*d = o - 0*o - 446. What are the prime factors of o?
421
Let x = 356 - 736. Let d = -234 - x. Let y = d + -102. List the prime factors of y.
2, 11
Let q(z) = 7*z + 21. Let v be q(-2). Let l(x) = 5*x - 62. Let m be l(v). Let t = 17 - m. List the prime factors of t.
2, 11
Suppose 43 = 3*p + 5*l, -p + 6*p + 2*l - 40 = 0. Suppose 0*x - 6 = p*x. What are the prime factors of (425/(-50))/((x + 0)/16)?
2, 17
Let i(t) = -77*t + 62. Let z be i(13). Let k = -448 - z. List the prime factors of k.
491
Let k(b) = -b**2 + 7*b - 27. Suppose 21 = -i - 2*z, 4*i + z + 16 = -33. Let t be k(i). Let u = 368 + t. What are the prime factors of u?
11, 13
Suppose -880 = 34*d - 39*d. Let f = -142 + d. List the prime factors of f.
2, 17
Let u(y) = -y**3 - 5*y**2 - 5*y + 2. Let a be u(-4). Suppose i - 2*g - 90 = a*i, -g + 36 = -2*i. Let j = 38 + i. What are the prime factors of j?
2, 5
Suppose -p - 47787 = -2*z, 190*z - 186*z + 4*p = 95592. What are the prime factors of z?
3, 5, 59
Suppose 4*s + 5*y = 2079, 2*s = 2*y - y + 1043. Suppose -7*d + 1278 = -s. List the prime factors of d.
257
Let p(w) = 18*w + 4*w - 46 - 1 - 4. Let r be p(21). Suppose 9*o = 1644 - r. List the prime factors of o.
137
Suppose -6*l + 2*m = -30218, 3*l - 7368 - 7735 = 4*m. List the prime factors of l.
3, 23, 73
Let p(t) = 12356*t - 445. What are the prime factors of p(1)?
43, 277
Let w(f) = 21*f**2 - 38*f - 2. Let c be w(2). What are the prime factors of c/14 + ((-6910)/(-14) - 1)?
17, 29
Let t(l) = 22*l**2 - 233*l - 6. Suppose c + 4 = 0, h - 20*c - 15 = -15*c. List the prime factors of t(h).
1709
Let k be 234/(13 + -7)*51. Suppose 0 = -69*m + 78*m - k. List the prime factors of m.
13, 17
Let g = 8114 - 2378. List the prime factors of g.
2, 3, 239
Let n(k) be the first derivative of k**2/2 - 8*k - 29. Let f be n(6). List the prime factors of ((2/3)/f)/(33/(-18117)).
3, 61
Suppose -4*d - 3*w - 10 = -5*d, 2 = -w. Suppose 3*t - d*t = -332. What are the prime factors of t?
2, 83
Suppose -5*z - 253 = 97. Let b = -83 + 276. Let u = b + z. List the prime factors of u.
3, 41
Let s(q) = 229*q - 28. Suppose -5*y + 2*n = -11, -6*n = y - 4*n - 7. List the prime factors of s(y).
659
Suppose 0*v = -9*v - 9. List the prime factors of (1 - -1) + v/((-7)/1722).
2, 31
Let h = 666 - -226. Suppose 5*m - 5*q - 548 = h, 2*q = -6. List the prime factors of m.
3, 5, 19
Let w = -24 - -36. Let g be w/21*(2 - -5). What are the prime factors of 6*g/32 + (-517)/(-4)?
2, 5, 13
Let p = 25890 + -3616. List the prime factors of p.
2, 7, 37, 43
Suppose 23*l - 22*l + z - 21380 = 0, z = 5*l - 106870. What are the prime factors of l?
3, 5, 19
Let y = 5385 - -961. List the prime factors of y.
2, 19, 167
Let t(c) = -3*c - 2. Let d be t(-7). Suppose -66 = -2*l + 4*u, 2*l - 3*u = -4*u + 41. Suppose -7*z + d = -l. List the prime factors of z.
2, 3
Suppose -10*b + 2*d = -9*b - 917, 2*d + 1840 = 2*b. List the prime factors of b.
13, 71
Suppose -83 = -2*u + 365. Let o = 813 -